{"id":186,"date":"2023-03-14T14:12:56","date_gmt":"2023-03-14T13:12:56","guid":{"rendered":"https:\/\/cousiscousa.fr\/?page_id=186"},"modified":"2023-03-18T09:39:29","modified_gmt":"2023-03-18T08:39:29","slug":"contact","status":"publish","type":"page","link":"https:\/\/cousiscousa.fr\/index.php\/contact\/","title":{"rendered":"Contact"},"content":{"rendered":"\n<p>Une question, une demande, une envie particuli\u00e8re? N&rsquo;h\u00e9sitez pas \u00e0 me contacter !<\/p>\n\n\n<div class=\"wp-block-jetpack-contact-form\"><a href=\"https:\/\/cousiscousa.fr\/index.php\/contact\/\" target=\"_blank\" rel=\"noopener noreferrer\">Soumettre un formulaire.<\/a><\/div>\n\n\n<p>Anne Pezerat<br>5 rue Jules Guesde 93100 Montreuil<\/p>\n","protected":false},"excerpt":{"rendered":"<p>Une question, une demande, une envie particuli\u00e8re? N&rsquo;h\u00e9sitez pas \u00e0 me contacter ! Anne Pezerat5 rue Jules Guesde 93100 Montreuil<\/p>\n","protected":false},"author":1,"featured_media":0,"parent":0,"menu_order":0,"comment_status":"closed","ping_status":"closed","template":"","meta":{"footnotes":""},"class_list":["post-186","page","type-page","status-publish","hentry"],"jetpack_sharing_enabled":true,"_links":{"self":[{"href":"https:\/\/cousiscousa.fr\/index.php\/wp-json\/wp\/v2\/pages\/186","targetHints":{"allow":["GET"]}}],"collection":[{"href":"https:\/\/cousiscousa.fr\/index.php\/wp-json\/wp\/v2\/pages"}],"about":[{"href":"https:\/\/cousiscousa.fr\/index.php\/wp-json\/wp\/v2\/types\/page"}],"author":[{"embeddable":true,"href":"https:\/\/cousiscousa.fr\/index.php\/wp-json\/wp\/v2\/users\/1"}],"replies":[{"embeddable":true,"href":"https:\/\/cousiscousa.fr\/index.php\/wp-json\/wp\/v2\/comments?post=186"}],"version-history":[{"count":4,"href":"https:\/\/cousiscousa.fr\/index.php\/wp-json\/wp\/v2\/pages\/186\/revisions"}],"predecessor-version":[{"id":270,"href":"https:\/\/cousiscousa.fr\/index.php\/wp-json\/wp\/v2\/pages\/186\/revisions\/270"}],"wp:attachment":[{"href":"https:\/\/cousiscousa.fr\/index.php\/wp-json\/wp\/v2\/media?parent=186"}],"curies":[{"name":"wp","href":"https:\/\/api.w.org\/{rel}","templated":true}]}}