{"id":24,"date":"2023-03-12T21:38:22","date_gmt":"2023-03-12T20:38:22","guid":{"rendered":"https:\/\/cousiscousa.fr\/index.php\/homepage\/"},"modified":"2024-04-01T07:53:32","modified_gmt":"2024-04-01T06:53:32","slug":"homepage","status":"publish","type":"page","link":"https:\/\/cousiscousa.fr\/","title":{"rendered":""},"content":{"rendered":"\n<div class=\"wp-block-group\"><div class=\"wp-block-group__inner-container is-layout-constrained wp-block-group-is-layout-constrained\"><\/div><\/div>\n\n\n\n<blockquote class=\"wp-block-quote is-layout-flow wp-block-quote-is-layout-flow\">\n<h3 class=\"wp-block-heading has-text-align-center has-black-color has-text-color has-medium-font-size\" style=\"font-style:normal;font-weight:300;text-transform:none\">Bienvenue dans la boutique en ligne de Cousis cousa. Vous pourrez y retrouver de jolies cr\u00e9ations r\u00e9alis\u00e9es par mes soins avec amour. <br>Comptez environ trois semaines pour la r\u00e9alisation et l&rsquo;envoi de votre ouvrage.<br>Si vous souhaitez une cr\u00e9ation in\u00e9dite et compl\u00e8tement personnalis\u00e9e n&rsquo;h\u00e9sitez pas \u00e0 me contacter !<\/h3>\n<\/blockquote>\n\n\n\n<div class=\"wp-block-group\"><div class=\"wp-block-group__inner-container is-layout-constrained wp-block-group-is-layout-constrained\">\n<div class=\"wp-block-group is-content-justification-center is-nowrap is-layout-flex wp-container-core-group-is-layout-6 wp-block-group-is-layout-flex\">\n<figure class=\"wp-block-image size-full is-resized\"><img fetchpriority=\"high\" decoding=\"async\" width=\"500\" height=\"500\" src=\"https:\/\/cousiscousa.fr\/wp-content\/uploads\/2023\/04\/Sans-titre-4-2.png\" alt=\"Mat\u00e9riaux certifi\u00e9s Oeko-tex\" class=\"wp-image-552\" style=\"width:125px;height:125px\" srcset=\"https:\/\/cousiscousa.fr\/wp-content\/uploads\/2023\/04\/Sans-titre-4-2.png 500w, https:\/\/cousiscousa.fr\/wp-content\/uploads\/2023\/04\/Sans-titre-4-2-300x300.png 300w, https:\/\/cousiscousa.fr\/wp-content\/uploads\/2023\/04\/Sans-titre-4-2-150x150.png 150w, https:\/\/cousiscousa.fr\/wp-content\/uploads\/2023\/04\/Sans-titre-4-2-75x75.png 75w, https:\/\/cousiscousa.fr\/wp-content\/uploads\/2023\/04\/Sans-titre-4-2-100x100.png 100w\" sizes=\"(max-width: 500px) 100vw, 500px\" \/><figcaption class=\"wp-element-caption\">Mat\u00e9riaux certifi\u00e9s<br> Oeko-tex<\/figcaption><\/figure>\n\n\n\n<div class=\"wp-block-group is-vertical is-layout-flex wp-container-core-group-is-layout-4 wp-block-group-is-layout-flex\">\n<div class=\"wp-block-group is-vertical is-layout-flex wp-container-core-group-is-layout-3 wp-block-group-is-layout-flex\">\n<div class=\"wp-block-group is-vertical is-layout-flex wp-container-core-group-is-layout-2 wp-block-group-is-layout-flex\">\n<figure class=\"wp-block-image size-full is-resized\"><img decoding=\"async\" width=\"500\" height=\"500\" src=\"https:\/\/cousiscousa.fr\/wp-content\/uploads\/2023\/04\/Sans-titre-8.png\" alt=\"\" class=\"wp-image-616\" style=\"width:125px;height:125px\" srcset=\"https:\/\/cousiscousa.fr\/wp-content\/uploads\/2023\/04\/Sans-titre-8.png 500w, https:\/\/cousiscousa.fr\/wp-content\/uploads\/2023\/04\/Sans-titre-8-300x300.png 300w, https:\/\/cousiscousa.fr\/wp-content\/uploads\/2023\/04\/Sans-titre-8-150x150.png 150w, https:\/\/cousiscousa.fr\/wp-content\/uploads\/2023\/04\/Sans-titre-8-75x75.png 75w, https:\/\/cousiscousa.fr\/wp-content\/uploads\/2023\/04\/Sans-titre-8-100x100.png 100w\" sizes=\"(max-width: 500px) 100vw, 500px\" \/><figcaption class=\"wp-element-caption\">Fait avec <br>amour<\/figcaption><\/figure>\n<\/div>\n<\/div>\n<\/div>\n\n\n\n<div class=\"wp-block-group is-vertical is-layout-flex wp-container-core-group-is-layout-5 wp-block-group-is-layout-flex\">\n<figure class=\"wp-block-image size-full is-resized\"><img decoding=\"async\" width=\"500\" height=\"500\" src=\"https:\/\/cousiscousa.fr\/wp-content\/uploads\/2023\/04\/Sans-titre-9.png\" alt=\"\" class=\"wp-image-618\" style=\"width:125px;height:125px\" srcset=\"https:\/\/cousiscousa.fr\/wp-content\/uploads\/2023\/04\/Sans-titre-9.png 500w, https:\/\/cousiscousa.fr\/wp-content\/uploads\/2023\/04\/Sans-titre-9-300x300.png 300w, https:\/\/cousiscousa.fr\/wp-content\/uploads\/2023\/04\/Sans-titre-9-150x150.png 150w, https:\/\/cousiscousa.fr\/wp-content\/uploads\/2023\/04\/Sans-titre-9-75x75.png 75w, https:\/\/cousiscousa.fr\/wp-content\/uploads\/2023\/04\/Sans-titre-9-100x100.png 100w\" sizes=\"(max-width: 500px) 100vw, 500px\" \/><figcaption class=\"wp-element-caption\">Con\u00e7u pour <br>les tout petits<\/figcaption><\/figure>\n<\/div>\n\n\n\n<figure class=\"wp-block-image size-full is-resized\"><img loading=\"lazy\" decoding=\"async\" width=\"500\" height=\"500\" src=\"https:\/\/cousiscousa.fr\/wp-content\/uploads\/2023\/04\/Cousis-cousa-1.png\" alt=\"\" class=\"wp-image-747\" style=\"width:125px;height:125px\" srcset=\"https:\/\/cousiscousa.fr\/wp-content\/uploads\/2023\/04\/Cousis-cousa-1.png 500w, https:\/\/cousiscousa.fr\/wp-content\/uploads\/2023\/04\/Cousis-cousa-1-300x300.png 300w, https:\/\/cousiscousa.fr\/wp-content\/uploads\/2023\/04\/Cousis-cousa-1-150x150.png 150w, https:\/\/cousiscousa.fr\/wp-content\/uploads\/2023\/04\/Cousis-cousa-1-75x75.png 75w, https:\/\/cousiscousa.fr\/wp-content\/uploads\/2023\/04\/Cousis-cousa-1-100x100.png 100w\" sizes=\"(max-width: 500px) 100vw, 500px\" \/><figcaption class=\"wp-element-caption\">Cr\u00e9ations <br>artisanales<\/figcaption><\/figure>\n<\/div>\n<\/div><\/div>\n\n\n\n<div class=\"wp-block-group\"><div class=\"wp-block-group__inner-container is-layout-constrained wp-block-group-is-layout-constrained\">\n<div class=\"wp-block-cover\"><span aria-hidden=\"true\" class=\"wp-block-cover__background has-background-dim\"><\/span><img loading=\"lazy\" decoding=\"async\" width=\"2560\" height=\"1920\" class=\"wp-block-cover__image-background wp-image-993\" alt=\"\" src=\"https:\/\/cousiscousa.fr\/wp-content\/uploads\/2024\/01\/20240128_091815-scaled.jpg\" data-object-fit=\"cover\" srcset=\"https:\/\/cousiscousa.fr\/wp-content\/uploads\/2024\/01\/20240128_091815-scaled.jpg 2560w, https:\/\/cousiscousa.fr\/wp-content\/uploads\/2024\/01\/20240128_091815-300x225.jpg 300w, https:\/\/cousiscousa.fr\/wp-content\/uploads\/2024\/01\/20240128_091815-1024x768.jpg 1024w, https:\/\/cousiscousa.fr\/wp-content\/uploads\/2024\/01\/20240128_091815-768x576.jpg 768w, https:\/\/cousiscousa.fr\/wp-content\/uploads\/2024\/01\/20240128_091815-1536x1152.jpg 1536w, https:\/\/cousiscousa.fr\/wp-content\/uploads\/2024\/01\/20240128_091815-2048x1536.jpg 2048w, https:\/\/cousiscousa.fr\/wp-content\/uploads\/2024\/01\/20240128_091815-1140x855.jpg 1140w, https:\/\/cousiscousa.fr\/wp-content\/uploads\/2024\/01\/20240128_091815-1320x990.jpg 1320w, https:\/\/cousiscousa.fr\/wp-content\/uploads\/2024\/01\/20240128_091815-600x450.jpg 600w\" sizes=\"(max-width: 2560px) 100vw, 2560px\" \/><div class=\"wp-block-cover__inner-container is-layout-constrained wp-block-cover-is-layout-constrained\">\n<p class=\"has-text-align-center has-large-font-size\">Nouveaut\u00e9 : Le kit C\u00e9lestin<\/p>\n\n\n\n<hr class=\"wp-block-separator has-alpha-channel-opacity\"\/>\n\n\n\n<p class=\"has-text-align-center has-large-font-size\"> <\/p>\n\n\n\n<div class=\"wp-block-buttons is-content-justification-center is-layout-flex wp-container-core-buttons-is-layout-1 wp-block-buttons-is-layout-flex\">\n<div class=\"wp-block-button is-style-outline is-style-outline--1\"><a class=\"wp-block-button__link has-text-align-center wp-element-button\" href=\"https:\/\/cousiscousa.fr\/index.php\/product-category\/kit\/\">Voir<\/a><\/div>\n<\/div>\n\n\n\n<p><\/p>\n<\/div><\/div>\n<\/div><\/div>\n\n\n\n<p><\/p>\n\n\n\n<div class=\"wp-block-cover is-light\"><span aria-hidden=\"true\" class=\"wp-block-cover__background has-background-dim-30 has-background-dim\" style=\"background-color:#3b210c\"><\/span><img loading=\"lazy\" decoding=\"async\" width=\"2560\" height=\"1920\" class=\"wp-block-cover__image-background wp-image-687\" alt=\"\" src=\"https:\/\/cousiscousa.fr\/wp-content\/uploads\/2023\/04\/20230414_100502-scaled.jpg\" data-object-fit=\"cover\" srcset=\"https:\/\/cousiscousa.fr\/wp-content\/uploads\/2023\/04\/20230414_100502-scaled.jpg 2560w, https:\/\/cousiscousa.fr\/wp-content\/uploads\/2023\/04\/20230414_100502-300x225.jpg 300w, https:\/\/cousiscousa.fr\/wp-content\/uploads\/2023\/04\/20230414_100502-1024x768.jpg 1024w, https:\/\/cousiscousa.fr\/wp-content\/uploads\/2023\/04\/20230414_100502-768x576.jpg 768w, https:\/\/cousiscousa.fr\/wp-content\/uploads\/2023\/04\/20230414_100502-1536x1152.jpg 1536w, https:\/\/cousiscousa.fr\/wp-content\/uploads\/2023\/04\/20230414_100502-2048x1536.jpg 2048w, https:\/\/cousiscousa.fr\/wp-content\/uploads\/2023\/04\/20230414_100502-1140x855.jpg 1140w, https:\/\/cousiscousa.fr\/wp-content\/uploads\/2023\/04\/20230414_100502-1320x990.jpg 1320w, https:\/\/cousiscousa.fr\/wp-content\/uploads\/2023\/04\/20230414_100502-600x450.jpg 600w\" sizes=\"(max-width: 2560px) 100vw, 2560px\" \/><div class=\"wp-block-cover__inner-container is-layout-flow wp-block-cover-is-layout-flow\">\n<p class=\"has-text-align-center has-white-color has-text-color has-large-font-size\">Les Copains<\/p>\n\n\n\n<p class=\"has-text-align-center has-white-color has-text-color has-large-font-size\">des bois<\/p>\n\n\n\n<p class=\"has-text-align-center has-white-color has-text-color has-medium-font-size\">De tendres compagnons \u00e0 apprivoiser <br><\/p>\n\n\n\n<div class=\"wp-block-buttons is-layout-flex wp-block-buttons-is-layout-flex\">\n<div class=\"wp-block-button aligncenter\"><a class=\"wp-block-button__link has-background wp-element-button\" href=\"https:\/\/cousiscousa.fr\/index.php\/product-category\/amis-and-co\/uncategorized\/\" style=\"background-color:#7d3922\">Voir<\/a><\/div>\n<\/div>\n<\/div><\/div>\n\n\n\n<p><\/p>\n\n\n\n<div class=\"wp-block-cover is-light\"><span aria-hidden=\"true\" class=\"wp-block-cover__background has-background-dim-30 has-background-dim\" style=\"background-color:#3b210c\"><\/span><img loading=\"lazy\" decoding=\"async\" width=\"2560\" height=\"1920\" class=\"wp-block-cover__image-background wp-image-700\" alt=\"\" src=\"https:\/\/cousiscousa.fr\/wp-content\/uploads\/2023\/04\/20230414_105757-scaled.jpg\" data-object-fit=\"cover\" srcset=\"https:\/\/cousiscousa.fr\/wp-content\/uploads\/2023\/04\/20230414_105757-scaled.jpg 2560w, https:\/\/cousiscousa.fr\/wp-content\/uploads\/2023\/04\/20230414_105757-300x225.jpg 300w, https:\/\/cousiscousa.fr\/wp-content\/uploads\/2023\/04\/20230414_105757-1024x768.jpg 1024w, https:\/\/cousiscousa.fr\/wp-content\/uploads\/2023\/04\/20230414_105757-768x576.jpg 768w, https:\/\/cousiscousa.fr\/wp-content\/uploads\/2023\/04\/20230414_105757-1536x1152.jpg 1536w, https:\/\/cousiscousa.fr\/wp-content\/uploads\/2023\/04\/20230414_105757-2048x1536.jpg 2048w, https:\/\/cousiscousa.fr\/wp-content\/uploads\/2023\/04\/20230414_105757-1140x855.jpg 1140w, https:\/\/cousiscousa.fr\/wp-content\/uploads\/2023\/04\/20230414_105757-1320x990.jpg 1320w, https:\/\/cousiscousa.fr\/wp-content\/uploads\/2023\/04\/20230414_105757-600x450.jpg 600w\" sizes=\"(max-width: 2560px) 100vw, 2560px\" \/><div class=\"wp-block-cover__inner-container is-layout-flow wp-block-cover-is-layout-flow\">\n<p class=\"has-text-align-center has-white-color has-text-color has-large-font-size\">30 millions <\/p>\n\n\n\n<p class=\"has-text-align-center has-white-color has-text-color has-large-font-size\">d&rsquo;amis<\/p>\n\n\n\n<p class=\"has-text-align-center has-white-color has-text-color\">De chouettes copains \u00e0 adopter<\/p>\n\n\n\n<div class=\"wp-block-buttons is-layout-flex wp-block-buttons-is-layout-flex\">\n<div class=\"wp-block-button aligncenter\"><a class=\"wp-block-button__link has-background wp-element-button\" href=\"https:\/\/cousiscousa.fr\/index.php\/product-category\/amis-and-co\/30-millions-damis\/\" style=\"background-color:#7d3922\">Voir<\/a><\/div>\n<\/div>\n<\/div><\/div>\n\n\n\n<p><\/p>\n\n\n\n<p><\/p>\n\n\n\n<div class=\"wp-block-cover is-light\"><span aria-hidden=\"true\" class=\"wp-block-cover__background has-background-dim-30 has-background-dim\" style=\"background-color:#3b210c\"><\/span><img loading=\"lazy\" decoding=\"async\" width=\"2560\" height=\"1863\" class=\"wp-block-cover__image-background wp-image-690\" alt=\"\" src=\"https:\/\/cousiscousa.fr\/wp-content\/uploads\/2023\/04\/20230414_102653-scaled.jpg\" data-object-fit=\"cover\" srcset=\"https:\/\/cousiscousa.fr\/wp-content\/uploads\/2023\/04\/20230414_102653-scaled.jpg 2560w, https:\/\/cousiscousa.fr\/wp-content\/uploads\/2023\/04\/20230414_102653-300x218.jpg 300w, https:\/\/cousiscousa.fr\/wp-content\/uploads\/2023\/04\/20230414_102653-1024x745.jpg 1024w, https:\/\/cousiscousa.fr\/wp-content\/uploads\/2023\/04\/20230414_102653-768x559.jpg 768w, https:\/\/cousiscousa.fr\/wp-content\/uploads\/2023\/04\/20230414_102653-1536x1118.jpg 1536w, https:\/\/cousiscousa.fr\/wp-content\/uploads\/2023\/04\/20230414_102653-2048x1491.jpg 2048w, https:\/\/cousiscousa.fr\/wp-content\/uploads\/2023\/04\/20230414_102653-1140x830.jpg 1140w, https:\/\/cousiscousa.fr\/wp-content\/uploads\/2023\/04\/20230414_102653-1320x961.jpg 1320w, https:\/\/cousiscousa.fr\/wp-content\/uploads\/2023\/04\/20230414_102653-600x437.jpg 600w\" sizes=\"(max-width: 2560px) 100vw, 2560px\" \/><div class=\"wp-block-cover__inner-container is-layout-flow wp-block-cover-is-layout-flow\">\n<p class=\"has-text-align-center has-white-color has-text-color has-large-font-size\">Dans la ferme <\/p>\n\n\n\n<p class=\"has-text-align-center has-white-color has-text-color has-large-font-size\">de Mathurin<\/p>\n\n\n\n<p class=\"has-text-align-center has-white-color has-text-color\">De jolis compagnons de la ferme \u00e0 recueillir<\/p>\n\n\n\n<div class=\"wp-block-buttons is-layout-flex wp-block-buttons-is-layout-flex\">\n<div class=\"wp-block-button aligncenter\"><a class=\"wp-block-button__link has-background wp-element-button\" href=\"https:\/\/cousiscousa.fr\/index.php\/product-category\/amis-and-co\/dans-la-ferme-de-mathurin\/\" style=\"background-color:#7d3922\">Voir<\/a><\/div>\n<\/div>\n<\/div><\/div>\n\n\n\n<p><\/p>\n\n\n\n<blockquote class=\"wp-block-quote has-text-align-center is-layout-flow wp-block-quote-is-layout-flow\">\n<p><\/p>\n<\/blockquote>\n\n\n\n<blockquote class=\"wp-block-quote has-text-align-center is-layout-flow wp-block-quote-is-layout-flow\">\n<p>N&rsquo;h\u00e9sitez pas \u00e0 diffuser autour de vous !<\/p>\n<\/blockquote>\n","protected":false},"excerpt":{"rendered":"<p>Bienvenue dans la boutique en ligne de Cousis cousa. Vous pourrez y retrouver de jolies cr\u00e9ations r\u00e9alis\u00e9es par mes soins avec amour. Comptez environ trois semaines pour la r\u00e9alisation et l&rsquo;envoi de votre ouvrage.Si vous souhaitez une cr\u00e9ation in\u00e9dite et compl\u00e8tement personnalis\u00e9e n&rsquo;h\u00e9sitez pas \u00e0 me contacter ! N&rsquo;h\u00e9sitez pas \u00e0 diffuser autour de vous !<\/p>\n","protected":false},"author":1,"featured_media":0,"parent":0,"menu_order":0,"comment_status":"closed","ping_status":"closed","template":"","meta":{"footnotes":""},"class_list":["post-24","page","type-page","status-publish","hentry"],"jetpack_sharing_enabled":true,"_links":{"self":[{"href":"https:\/\/cousiscousa.fr\/index.php\/wp-json\/wp\/v2\/pages\/24","targetHints":{"allow":["GET"]}}],"collection":[{"href":"https:\/\/cousiscousa.fr\/index.php\/wp-json\/wp\/v2\/pages"}],"about":[{"href":"https:\/\/cousiscousa.fr\/index.php\/wp-json\/wp\/v2\/types\/page"}],"author":[{"embeddable":true,"href":"https:\/\/cousiscousa.fr\/index.php\/wp-json\/wp\/v2\/users\/1"}],"replies":[{"embeddable":true,"href":"https:\/\/cousiscousa.fr\/index.php\/wp-json\/wp\/v2\/comments?post=24"}],"version-history":[{"count":81,"href":"https:\/\/cousiscousa.fr\/index.php\/wp-json\/wp\/v2\/pages\/24\/revisions"}],"predecessor-version":[{"id":1045,"href":"https:\/\/cousiscousa.fr\/index.php\/wp-json\/wp\/v2\/pages\/24\/revisions\/1045"}],"wp:attachment":[{"href":"https:\/\/cousiscousa.fr\/index.php\/wp-json\/wp\/v2\/media?parent=24"}],"curies":[{"name":"wp","href":"https:\/\/api.w.org\/{rel}","templated":true}]}}