{"id":219,"date":"2023-03-17T09:20:53","date_gmt":"2023-03-17T08:20:53","guid":{"rendered":"https:\/\/cousiscousa.fr\/?post_type=product&#038;p=219"},"modified":"2023-04-02T17:45:26","modified_gmt":"2023-04-02T16:45:26","slug":"harold-le-bouledogue-2","status":"publish","type":"product","link":"https:\/\/cousiscousa.fr\/index.php\/product\/harold-le-bouledogue-2\/","title":{"rendered":"Harold le bouledogue"},"content":{"rendered":"<h3 style=\"text-align: left;\">Harold le bouledogue<\/h3>\n<p>D\u00e9couvrez le patron de ce ravissant bouledogue fran\u00e7ais.<br \/>\nLe patron est un fichier num\u00e9rique, au format PDF, contenant des instructions d\u00e9taill\u00e9es ainsi que\u00a0 photos \u00ab\u00a0pas \u00e0 pas\u00a0\u00bb pour vous aider \u00e0 r\u00e9aliser votre propre bouledogue.<\/p>\n<h3>Niveau de difficult\u00e9 : Interm\u00e9diaire<\/h3>\n<p>Savoir r\u00e9aliser les points suivants : cercle magique, maille cha\u00eenette, maille en l\u2019air, maille serr\u00e9e, maille coul\u00e9e, augmentation, diminution, demi-bride, bride.<br \/>\nSavoir r\u00e9aliser des brides en relief<\/p>\n<h3>Mat\u00e9riel<\/h3>\n<ul>\n<li>Fil 100 % coton<\/li>\n<li>Crochet de 2 mm<\/li>\n<li>Ouate de rembourrage<\/li>\n<li>Aiguille \u00e0 laine et \u00e0 broder<\/li>\n<li>Fil \u00e0 broder<\/li>\n<li>Une paire de ciseaux<\/li>\n<\/ul>\n<h4>A noter :<\/h4>\n<p>Apr\u00e8s le paiement, vous recevez un e-mail afin de t\u00e9l\u00e9charger votre patron. Le patron, en raison de sa nature num\u00e9rique et t\u00e9l\u00e9chargeable, ne pourra \u00eatre ni \u00e9chang\u00e9 ni rembours\u00e9.<\/p>\n<p>Ceci est le <strong>patron<\/strong> pour r\u00e9aliser Harold <strong>ce n\u2019est pas le produit fini<\/strong> !<\/p>\n<p style=\"text-align: center;\">Copyright \u00a9 2022 Cousiscousa \u2013 Tous droits r\u00e9serv\u00e9s.<\/p>\n<p>&nbsp;<\/p>\n","protected":false},"excerpt":{"rendered":"<p>Patron au format PDF, pour r\u00e9aliser au crochet cet \u00e9l\u00e9gant bouledogue fran\u00e7ais.<\/p>\n","protected":false},"featured_media":220,"comment_status":"open","ping_status":"closed","template":"","meta":[],"product_brand":[],"product_cat":[20,41],"product_tag":[32],"class_list":{"0":"post-219","1":"product","2":"type-product","3":"status-publish","4":"has-post-thumbnail","6":"product_cat-patrons","7":"product_cat-patrons-dans-la-ferme-de-mathurin","8":"product_tag-chien","10":"first","11":"instock","12":"downloadable","13":"virtual","14":"purchasable","15":"product-type-simple"},"jetpack_sharing_enabled":true,"_links":{"self":[{"href":"https:\/\/cousiscousa.fr\/index.php\/wp-json\/wp\/v2\/product\/219","targetHints":{"allow":["GET"]}}],"collection":[{"href":"https:\/\/cousiscousa.fr\/index.php\/wp-json\/wp\/v2\/product"}],"about":[{"href":"https:\/\/cousiscousa.fr\/index.php\/wp-json\/wp\/v2\/types\/product"}],"replies":[{"embeddable":true,"href":"https:\/\/cousiscousa.fr\/index.php\/wp-json\/wp\/v2\/comments?post=219"}],"wp:featuredmedia":[{"embeddable":true,"href":"https:\/\/cousiscousa.fr\/index.php\/wp-json\/wp\/v2\/media\/220"}],"wp:attachment":[{"href":"https:\/\/cousiscousa.fr\/index.php\/wp-json\/wp\/v2\/media?parent=219"}],"wp:term":[{"taxonomy":"product_brand","embeddable":true,"href":"https:\/\/cousiscousa.fr\/index.php\/wp-json\/wp\/v2\/product_brand?post=219"},{"taxonomy":"product_cat","embeddable":true,"href":"https:\/\/cousiscousa.fr\/index.php\/wp-json\/wp\/v2\/product_cat?post=219"},{"taxonomy":"product_tag","embeddable":true,"href":"https:\/\/cousiscousa.fr\/index.php\/wp-json\/wp\/v2\/product_tag?post=219"}],"curies":[{"name":"wp","href":"https:\/\/api.w.org\/{rel}","templated":true}]}}