{"id":303,"date":"2023-03-22T17:56:39","date_gmt":"2023-03-22T16:56:39","guid":{"rendered":"https:\/\/cousiscousa.fr\/?post_type=product&#038;p=303"},"modified":"2023-03-31T18:03:36","modified_gmt":"2023-03-31T17:03:36","slug":"aliochat-2","status":"publish","type":"product","link":"https:\/\/cousiscousa.fr\/index.php\/product\/aliochat-2\/","title":{"rendered":"Aliochat"},"content":{"rendered":"<h3>Aliochat<\/h3>\n<p>Aliochat est un fac\u00e9tieux petit chaton toujours pr\u00eat \u00e0 rigoler mais d\u00e8s qu&rsquo;il aper\u00e7oit un bon feu de chemin\u00e9e il abandonne toute fac\u00e9tie pour aller se r\u00e9chauffer les moustaches et ronronner tout son soul.<br \/>\nCet adorable compagnon mesure 22cm de la t\u00eate aux pieds, et r\u00eave de se blottir en boule dans votre chaleureux foyer.<\/p>\n<h4>Fabrication :<\/h4>\n<p>Aliochat est r\u00e9alis\u00e9 \u00e0 la main avec amour !<br \/>\nConfectionn\u00e9 avec du fil 100% coton il est rembourr\u00e9 avec une ouate de rembourrage en fibre de polyester. Les yeux sont s\u00e9curis\u00e9s et certifi\u00e9s et le museau joliment brod\u00e9.<\/p>\n<h4>Entretien :<\/h4>\n<p>Lavable \u00e0 la main \u00e0 froid avec du savon de Marseille ou en machine \u00e0 30\u00b0.<\/p>\n<h4>A noter :<\/h4>\n<p>Chaque cr\u00e9ation est unique et les couleurs de fils peuvent \u00eatre amen\u00e9es \u00e0 varier. Comptez environ quatre semaines pour la r\u00e9alisation et l\u2019envoi de votre petit chat.<\/p>\n","protected":false},"excerpt":{"rendered":"<p>Aliochat le fac\u00e9tieux chaton est une boule de poil qui n&rsquo;a pas froid aux moustaches et il serait pr\u00eat \u00e0 tout pour se lover aupr\u00e8s de vous&#8230;<\/p>\n","protected":false},"featured_media":298,"comment_status":"open","ping_status":"closed","template":"","meta":[],"product_brand":[],"product_cat":[25],"product_tag":[],"class_list":{"0":"post-303","1":"product","2":"type-product","3":"status-publish","4":"has-post-thumbnail","6":"product_cat-dans-la-ferme-de-mathurin","8":"first","9":"instock","10":"purchasable","11":"product-type-simple"},"jetpack_sharing_enabled":true,"_links":{"self":[{"href":"https:\/\/cousiscousa.fr\/index.php\/wp-json\/wp\/v2\/product\/303","targetHints":{"allow":["GET"]}}],"collection":[{"href":"https:\/\/cousiscousa.fr\/index.php\/wp-json\/wp\/v2\/product"}],"about":[{"href":"https:\/\/cousiscousa.fr\/index.php\/wp-json\/wp\/v2\/types\/product"}],"replies":[{"embeddable":true,"href":"https:\/\/cousiscousa.fr\/index.php\/wp-json\/wp\/v2\/comments?post=303"}],"wp:featuredmedia":[{"embeddable":true,"href":"https:\/\/cousiscousa.fr\/index.php\/wp-json\/wp\/v2\/media\/298"}],"wp:attachment":[{"href":"https:\/\/cousiscousa.fr\/index.php\/wp-json\/wp\/v2\/media?parent=303"}],"wp:term":[{"taxonomy":"product_brand","embeddable":true,"href":"https:\/\/cousiscousa.fr\/index.php\/wp-json\/wp\/v2\/product_brand?post=303"},{"taxonomy":"product_cat","embeddable":true,"href":"https:\/\/cousiscousa.fr\/index.php\/wp-json\/wp\/v2\/product_cat?post=303"},{"taxonomy":"product_tag","embeddable":true,"href":"https:\/\/cousiscousa.fr\/index.php\/wp-json\/wp\/v2\/product_tag?post=303"}],"curies":[{"name":"wp","href":"https:\/\/api.w.org\/{rel}","templated":true}]}}