{"id":306,"date":"2023-03-22T18:28:04","date_gmt":"2023-03-22T17:28:04","guid":{"rendered":"https:\/\/cousiscousa.fr\/?post_type=product&#038;p=306"},"modified":"2024-08-21T08:38:33","modified_gmt":"2024-08-21T07:38:33","slug":"wilbur-2","status":"publish","type":"product","link":"https:\/\/cousiscousa.fr\/index.php\/product\/wilbur-2\/","title":{"rendered":"Wilbur, le cochon de S\u00e9gur"},"content":{"rendered":"<h3>Wilbur le cochon de S\u00e9gur<\/h3>\n<p>Wilbur est un petit cochon tout droit venu du limousin. Sa t\u00eate et sa culotte noire sont un atout non n\u00e9gligeable, car il passe incognito lorsqu&rsquo;il se roule dans la boue, personne ne remarque qu&rsquo;il est tout sale , pratique !<br \/>\nSon petit format de 16cm est id\u00e9al car il peut vous accompagner o\u00f9 que vous alliez &#8230;.<\/p>\n<h4>Fabrication :<\/h4>\n<p>Wilbur est r\u00e9alis\u00e9 \u00e0 la main avec amour !<br \/>\nConfectionn\u00e9 avec du fil 100% coton il est rembourr\u00e9 avec une ouate de rembourrage en fibre de polyester. Les yeux et le groin sont joliment brod\u00e9s.<\/p>\n<h4>Entretien :<\/h4>\n<p>Lavable \u00e0 la main \u00e0 froid avec du savon de Marseille ou en machine \u00e0 30\u00b0.<\/p>\n<h4>A noter :<\/h4>\n<p>Chaque cr\u00e9ation est unique et les couleurs de fils peuvent \u00eatre amen\u00e9es \u00e0 varier. Comptez environ quatre semaines pour la r\u00e9alisation et l\u2019envoi de votre petit cochon \u00ab\u00a0cul noir\u00a0\u00bb.<\/p>\n","protected":false},"excerpt":{"rendered":"<p>Connaissez vous le porc \u00ab\u00a0cul noir\u00a0\u00bb ? Il s&rsquo;agit d&rsquo;une race porcine tr\u00e8s r\u00e9put\u00e9e dans le limousin et qui fait la fiert\u00e9 du village de S\u00e9gur ! Wilbur en est un fier et digne repr\u00e9sentant, il rafle toutes les r\u00e9compenses, tous les prix, mais plus que les honneurs des plus grands salons, il pr\u00e9f\u00e8rerait la douce chaleur de votre maison&#8230;<\/p>\n","protected":false},"featured_media":309,"comment_status":"open","ping_status":"closed","template":"","meta":[],"product_brand":[],"product_cat":[25],"product_tag":[],"class_list":{"0":"post-306","1":"product","2":"type-product","3":"status-publish","4":"has-post-thumbnail","6":"product_cat-dans-la-ferme-de-mathurin","8":"first","9":"instock","10":"purchasable","11":"product-type-simple"},"jetpack_sharing_enabled":true,"_links":{"self":[{"href":"https:\/\/cousiscousa.fr\/index.php\/wp-json\/wp\/v2\/product\/306","targetHints":{"allow":["GET"]}}],"collection":[{"href":"https:\/\/cousiscousa.fr\/index.php\/wp-json\/wp\/v2\/product"}],"about":[{"href":"https:\/\/cousiscousa.fr\/index.php\/wp-json\/wp\/v2\/types\/product"}],"replies":[{"embeddable":true,"href":"https:\/\/cousiscousa.fr\/index.php\/wp-json\/wp\/v2\/comments?post=306"}],"wp:featuredmedia":[{"embeddable":true,"href":"https:\/\/cousiscousa.fr\/index.php\/wp-json\/wp\/v2\/media\/309"}],"wp:attachment":[{"href":"https:\/\/cousiscousa.fr\/index.php\/wp-json\/wp\/v2\/media?parent=306"}],"wp:term":[{"taxonomy":"product_brand","embeddable":true,"href":"https:\/\/cousiscousa.fr\/index.php\/wp-json\/wp\/v2\/product_brand?post=306"},{"taxonomy":"product_cat","embeddable":true,"href":"https:\/\/cousiscousa.fr\/index.php\/wp-json\/wp\/v2\/product_cat?post=306"},{"taxonomy":"product_tag","embeddable":true,"href":"https:\/\/cousiscousa.fr\/index.php\/wp-json\/wp\/v2\/product_tag?post=306"}],"curies":[{"name":"wp","href":"https:\/\/api.w.org\/{rel}","templated":true}]}}