{"id":808,"date":"2023-05-12T11:05:39","date_gmt":"2023-05-12T10:05:39","guid":{"rendered":"https:\/\/cousiscousa.fr\/?post_type=product&#038;p=808"},"modified":"2023-05-12T11:15:27","modified_gmt":"2023-05-12T10:15:27","slug":"liselotte","status":"publish","type":"product","link":"https:\/\/cousiscousa.fr\/index.php\/product\/liselotte\/","title":{"rendered":"Tout doux Liselotte"},"content":{"rendered":"<p>Une collection tout en douceur pour votre tout petit.<\/p>\n<h3>Le tout doux Liselotte<\/h3>\n<p>Liselotte la marmotte \u00e0 h\u00e2te de vagabonder avec b\u00e9b\u00e9. Apaisante et amicale elle saura r\u00e9conforter tous les chagrins du monde gr\u00e2ce \u00e0 sa texture \u00ab bigo\u00fbt \u00bb : Une face r\u00e9alis\u00e9e en tissu lange tr\u00e8s agr\u00e9able et l\u2019autre en fourrure, incroyablement douce.<br \/>\nLa t\u00eate et la collerette crochet\u00e9es \u00e0 la main permettent \u00e9galement de varier les textures et de d\u00e9velopper l\u2019\u00e9veil sensoriel de votre tout petit.<\/p>\n<h4>Fabrication :<\/h4>\n<p>Les tout doux sont r\u00e9alis\u00e9s \u00e0 la main avec amour !<br \/>\nConfectionn\u00e9s avec du fil de coton et du tissu (coton et synth\u00e9tique) ils sont rembourr\u00e9s avec une ouate de rembourrage en fibre de polyester. Les yeux et le nez sont joliment brod\u00e9s pour plus de s\u00e9curit\u00e9.<\/p>\n<h4>Entretien :<\/h4>\n<p>Lavable \u00e0 la main \u00e0 froid avec du savon de Marseille.<\/p>\n<h4>A noter :<\/h4>\n<p>Chaque cr\u00e9ation est unique et les tissus ou les couleurs de fils peuvent \u00eatre amen\u00e9s \u00e0 varier. Comptez environ trois semaines pour la r\u00e9alisation et l\u2019envoi de votre joli tout doux.<\/p>\n","protected":false},"excerpt":{"rendered":"<p>Liselotte la marmotte est une charmante petite marmotte qui adore les randonn\u00e9es au grand air.<br \/>\nApaisante, amicale et r\u00e9alis\u00e9e enti\u00e8rement \u00e0 la main avec amour cette marmotte est le doudou id\u00e9al pour votre bout de chou, on peut m\u00eame lui confier une t\u00e9tine qu\u2019elle saura nouer \u00e0 ses pattes de tissu afin de ne pas l&rsquo;\u00e9garer !<\/p>\n","protected":false},"featured_media":809,"comment_status":"open","ping_status":"closed","template":"","meta":[],"product_brand":[],"product_cat":[17],"product_tag":[],"class_list":{"0":"post-808","1":"product","2":"type-product","3":"status-publish","4":"has-post-thumbnail","6":"product_cat-clothing","8":"first","9":"instock","10":"purchasable","11":"product-type-simple"},"jetpack_sharing_enabled":true,"_links":{"self":[{"href":"https:\/\/cousiscousa.fr\/index.php\/wp-json\/wp\/v2\/product\/808","targetHints":{"allow":["GET"]}}],"collection":[{"href":"https:\/\/cousiscousa.fr\/index.php\/wp-json\/wp\/v2\/product"}],"about":[{"href":"https:\/\/cousiscousa.fr\/index.php\/wp-json\/wp\/v2\/types\/product"}],"replies":[{"embeddable":true,"href":"https:\/\/cousiscousa.fr\/index.php\/wp-json\/wp\/v2\/comments?post=808"}],"wp:featuredmedia":[{"embeddable":true,"href":"https:\/\/cousiscousa.fr\/index.php\/wp-json\/wp\/v2\/media\/809"}],"wp:attachment":[{"href":"https:\/\/cousiscousa.fr\/index.php\/wp-json\/wp\/v2\/media?parent=808"}],"wp:term":[{"taxonomy":"product_brand","embeddable":true,"href":"https:\/\/cousiscousa.fr\/index.php\/wp-json\/wp\/v2\/product_brand?post=808"},{"taxonomy":"product_cat","embeddable":true,"href":"https:\/\/cousiscousa.fr\/index.php\/wp-json\/wp\/v2\/product_cat?post=808"},{"taxonomy":"product_tag","embeddable":true,"href":"https:\/\/cousiscousa.fr\/index.php\/wp-json\/wp\/v2\/product_tag?post=808"}],"curies":[{"name":"wp","href":"https:\/\/api.w.org\/{rel}","templated":true}]}}